{"id":190,"date":"2021-01-03T22:40:36","date_gmt":"2021-01-03T22:40:36","guid":{"rendered":"http:\/\/spd-agmuv-breisgau.de\/?page_id=190"},"modified":"2021-01-04T20:18:13","modified_gmt":"2021-01-04T20:18:13","slug":"kontakt-2","status":"publish","type":"page","link":"https:\/\/spd-agmuv-breisgau.de\/?page_id=190","title":{"rendered":"Kontakt"},"content":{"rendered":"\n<div class=\"wp-block-image\"><figure class=\"alignleft size-large is-resized\"><img loading=\"lazy\" src=\"http:\/\/spd-agmuv-breisgau.de\/wp-content\/uploads\/2021\/01\/Bernd-Engesser-2.jpg\" alt=\"\" class=\"wp-image-191\" width=\"176\" height=\"224\" srcset=\"https:\/\/spd-agmuv-breisgau.de\/wp-content\/uploads\/2021\/01\/Bernd-Engesser-2.jpg 505w, https:\/\/spd-agmuv-breisgau.de\/wp-content\/uploads\/2021\/01\/Bernd-Engesser-2-235x300.jpg 235w\" sizes=\"(max-width: 176px) 100vw, 176px\" \/><figcaption>Bernd Engesser<\/figcaption><\/figure><\/div>\n\n\n\n<p><strong>SPD-AG-Migration-Breisgau[at]posteo.de<\/strong><\/p>\n\n\n\n<p>Vorsitzender und Ansprechpartner f\u00fcr Breisgau-Hochschwarzwald<\/p>\n<br><br><br><br><br>\n\n\n\n<p><\/p>\n\n\n\n<div class=\"wp-block-image\"><figure class=\"alignleft size-large is-resized\"><img loading=\"lazy\" src=\"http:\/\/spd-agmuv-breisgau.de\/wp-content\/uploads\/2021\/01\/AnaAgatiev2019-1-edited.png\" alt=\"\" class=\"wp-image-193\" width=\"184\" height=\"255.88338192419826\" srcset=\"https:\/\/spd-agmuv-breisgau.de\/wp-content\/uploads\/2021\/01\/AnaAgatiev2019-1-edited.png 319w, https:\/\/spd-agmuv-breisgau.de\/wp-content\/uploads\/2021\/01\/AnaAgatiev2019-1-edited-216x300.png 216w\" sizes=\"(max-width: 319px) 100vw, 319px\" \/><figcaption>Ana Agatiev<\/figcaption><\/figure><\/div>\n\n\n\n<p><strong>Ana-Agatiev[at]spd.de<\/strong><\/p>\n\n\n\n<p>Stellvertretende Vorsitzende und Ansprechpartnerin f\u00fcr Emmendingen<\/p>\n<br><br><br><br><br><br><br>\n\n\n\n<p> <\/p>\n\n\n\n<p><\/p>\n\n\n\n<p><\/p>\n\n\n\n<p><\/p>\n\n\n\n<div class=\"wp-block-image\"><figure class=\"alignleft size-large is-resized\"><img loading=\"lazy\" src=\"http:\/\/spd-agmuv-breisgau.de\/wp-content\/uploads\/2021\/01\/DSC_0089-scaled.jpg\" alt=\"\" class=\"wp-image-194\" width=\"178\" height=\"267\"\/><figcaption>Franziska Ehmer<\/figcaption><\/figure><\/div>\n\n\n\n<p><strong>Franziska.Ehmer[at]posteo.de<\/strong><\/p>\n\n\n\n<p>Stellvertretende Vorsitzende und Ansprechpartnerin f\u00fcr Freiburg<\/p>\n\n\n\n<p><\/p>\n\n\n\n<p><\/p>\n\n\n\n<p><\/p>\n\n\n\n<p><\/p>\n\n\n\n<p><\/p>\n\n\n\n<p><\/p>\n","protected":false},"excerpt":{"rendered":"<p>SPD-AG-Migration-Breisgau[at]posteo.de Vorsitzender und Ansprechpartner f\u00fcr Breisgau-Hochschwarzwald Ana-Agatiev[at]spd.de Stellvertretende Vorsitzende und Ansprechpartnerin f\u00fcr Emmendingen Franziska.Ehmer[at]posteo.de Stellvertretende Vorsitzende und Ansprechpartnerin f\u00fcr Freiburg<\/p>\n","protected":false},"author":2,"featured_media":0,"parent":0,"menu_order":0,"comment_status":"closed","ping_status":"closed","template":"","meta":[],"_links":{"self":[{"href":"https:\/\/spd-agmuv-breisgau.de\/index.php?rest_route=\/wp\/v2\/pages\/190"}],"collection":[{"href":"https:\/\/spd-agmuv-breisgau.de\/index.php?rest_route=\/wp\/v2\/pages"}],"about":[{"href":"https:\/\/spd-agmuv-breisgau.de\/index.php?rest_route=\/wp\/v2\/types\/page"}],"author":[{"embeddable":true,"href":"https:\/\/spd-agmuv-breisgau.de\/index.php?rest_route=\/wp\/v2\/users\/2"}],"replies":[{"embeddable":true,"href":"https:\/\/spd-agmuv-breisgau.de\/index.php?rest_route=%2Fwp%2Fv2%2Fcomments&post=190"}],"version-history":[{"count":16,"href":"https:\/\/spd-agmuv-breisgau.de\/index.php?rest_route=\/wp\/v2\/pages\/190\/revisions"}],"predecessor-version":[{"id":221,"href":"https:\/\/spd-agmuv-breisgau.de\/index.php?rest_route=\/wp\/v2\/pages\/190\/revisions\/221"}],"wp:attachment":[{"href":"https:\/\/spd-agmuv-breisgau.de\/index.php?rest_route=%2Fwp%2Fv2%2Fmedia&parent=190"}],"curies":[{"name":"wp","href":"https:\/\/api.w.org\/{rel}","templated":true}]}}