{"id":54,"date":"2018-11-08T21:33:14","date_gmt":"2018-11-08T21:33:14","guid":{"rendered":"http:\/\/spd-agmuv-breisgau.de\/?page_id=54"},"modified":"2021-01-03T22:14:18","modified_gmt":"2021-01-03T22:14:18","slug":"die-arbeitsgemeinschaft","status":"publish","type":"page","link":"http:\/\/spd-agmuv-breisgau.de\/?page_id=54","title":{"rendered":"Die Arbeitsgemeinschaft"},"content":{"rendered":"<p><strong>AG Migration und Vielfalt Freiburg, Emmendingen und Breisgau-Hochschwarzwald<\/strong><\/p>\n<p><strong><img loading=\"lazy\" class=\"wp-image-187 alignleft\" src=\"http:\/\/spd-agmuv-breisgau.de\/wp-content\/uploads\/2021\/01\/Sharepic-Gruppenbild-300x240.png\" alt=\"\" width=\"527\" height=\"422\" srcset=\"http:\/\/spd-agmuv-breisgau.de\/wp-content\/uploads\/2021\/01\/Sharepic-Gruppenbild-300x240.png 300w, http:\/\/spd-agmuv-breisgau.de\/wp-content\/uploads\/2021\/01\/Sharepic-Gruppenbild-1024x819.png 1024w, http:\/\/spd-agmuv-breisgau.de\/wp-content\/uploads\/2021\/01\/Sharepic-Gruppenbild-768x614.png 768w, http:\/\/spd-agmuv-breisgau.de\/wp-content\/uploads\/2021\/01\/Sharepic-Gruppenbild-1536x1229.png 1536w, http:\/\/spd-agmuv-breisgau.de\/wp-content\/uploads\/2021\/01\/Sharepic-Gruppenbild.png 2000w\" sizes=\"(max-width: 527px) 100vw, 527px\" \/><\/strong><\/p>\n<p>Die Gesellschaft in Deutschland ist vielf\u00e4ltig. Menschen unterschiedlicher Herkunft, unterschiedlicher Kulturen und unterschiedlichen Glaubens leben hier.<\/p>\n<p>Die SPD ist auf Grund ihrer Werte der Solidarit\u00e4t und Internationalit\u00e4t, die auf den Ideen des aufgekl\u00e4rten Humanismus aufbauen, die Partei der Vielfalt.<\/p>\n<p>Die Arbeitsgemeinschaft Migration und Vielfalt ist die Plattform f\u00fcr Menschen, die sich f\u00fcr Integration und Vielfalt engagieren. Wir stellen uns konstruktiv den Fragen, die durch die globalen Migrationsbewegungen entstehen. Wir erarbeiten L\u00f6sungen f\u00fcr ein gutes Zusammenleben bei uns auf der Grundlage unserer freiheitlichen Gesellschaft.<\/p>\n<p>Wir freuen uns \u00fcber alle, die in diesem Sinn mit uns zusammenarbeiten wollen.<\/p>\n","protected":false},"excerpt":{"rendered":"<p>AG Migration und Vielfalt Freiburg, Emmendingen und Breisgau-Hochschwarzwald Die Gesellschaft in Deutschland ist vielf\u00e4ltig. Menschen unterschiedlicher Herkunft, unterschiedlicher Kulturen und unterschiedlichen Glaubens leben hier. Die SPD ist auf Grund ihrer Werte der Solidarit\u00e4t und Internationalit\u00e4t, die auf den Ideen des aufgekl\u00e4rten Humanismus aufbauen, die Partei der Vielfalt. Die Arbeitsgemeinschaft Migration und Vielfalt ist die Plattform &hellip; <a href=\"http:\/\/spd-agmuv-breisgau.de\/?page_id=54\" class=\"more-link\"><span class=\"screen-reader-text\">Die Arbeitsgemeinschaft<\/span> weiterlesen<\/a><\/p>\n","protected":false},"author":1,"featured_media":0,"parent":0,"menu_order":0,"comment_status":"closed","ping_status":"closed","template":"","meta":[],"_links":{"self":[{"href":"http:\/\/spd-agmuv-breisgau.de\/index.php?rest_route=\/wp\/v2\/pages\/54"}],"collection":[{"href":"http:\/\/spd-agmuv-breisgau.de\/index.php?rest_route=\/wp\/v2\/pages"}],"about":[{"href":"http:\/\/spd-agmuv-breisgau.de\/index.php?rest_route=\/wp\/v2\/types\/page"}],"author":[{"embeddable":true,"href":"http:\/\/spd-agmuv-breisgau.de\/index.php?rest_route=\/wp\/v2\/users\/1"}],"replies":[{"embeddable":true,"href":"http:\/\/spd-agmuv-breisgau.de\/index.php?rest_route=%2Fwp%2Fv2%2Fcomments&post=54"}],"version-history":[{"count":4,"href":"http:\/\/spd-agmuv-breisgau.de\/index.php?rest_route=\/wp\/v2\/pages\/54\/revisions"}],"predecessor-version":[{"id":189,"href":"http:\/\/spd-agmuv-breisgau.de\/index.php?rest_route=\/wp\/v2\/pages\/54\/revisions\/189"}],"wp:attachment":[{"href":"http:\/\/spd-agmuv-breisgau.de\/index.php?rest_route=%2Fwp%2Fv2%2Fmedia&parent=54"}],"curies":[{"name":"wp","href":"https:\/\/api.w.org\/{rel}","templated":true}]}}